{"id":2301,"date":"2019-07-19T05:04:16","date_gmt":"2019-07-19T03:04:16","guid":{"rendered":"http:\/\/drummer.fr\/drummer\/?page_id=2301"},"modified":"2023-12-30T23:16:03","modified_gmt":"2023-12-30T22:16:03","slug":"rentree-2019-2020-cours-de-batterie-tarbes-lembeye-morlaas-soumoulou","status":"publish","type":"page","link":"http:\/\/drummer.fr\/drummer\/rentree-2019-2020-cours-de-batterie-tarbes-lembeye-morlaas-soumoulou\/","title":{"rendered":"Rentr\u00e9e 2023-2024. Cours de batterie Tarbes, Lembeye, Morlaas, Soumoulou, Espoey."},"content":{"rendered":"\n<h2 class=\"wp-block-heading\">Tarbes, Pau.<\/h2>\n\n\n\n<p>Je donne uniquement des cours particuliers  en votre domicile ou chez moi. Pour de plus amples informations, r\u00e9f\u00e9rez-vous \u00e0 <a href=\"http:\/\/drummer.fr\/drummer\/about-cours-de-batterie-tarbes\/\">cette page<\/a> .<\/p>\n\n\n\n<h2 class=\"wp-block-heading\">Lembeye<\/h2>\n\n\n\n<p>Les cours de batterie ont lieu dans une salle situ\u00e9e au-dessus de la mairie, 37 place du Marcadieu, le mercredi matin et le vendredi en fin d&rsquo;apr\u00e8s-midi et soir\u00e9e. <\/p>\n\n\n\n<p>L&rsquo;association des Amis de la musique du canton de Lembeye propose aussi l\u2019apprentissage  de la trompette, saxophone, clarinette, fl\u00fbte traversi\u00e8re, batterie, guitare classique ou \u00e9lectrique, piano, accord\u00e9on, trombone et de l&rsquo;\u00e9veil musical pour les moins de six ans. Des cours collectifs de formation musicale sont aussi organis\u00e9s.<\/p>\n\n\n\n<p class=\"has-headings-color has-text-color\">Les cours suivent le rythme du calendrier scolaire<\/p>\n\n\n\n<p><a href=\"https:\/\/www.mairie-lembeye.fr\/associations\/culture\/\">Site internet<\/a><\/p>\n\n\n\n<h2 class=\"wp-block-heading\">Morla\u00e0s<\/h2>\n\n\n\n<p>Les cours de batteries sont propos\u00e9s le mercredi \u00e0 partir de 14h00 au sein de l\u2019\u00e9cole de musique du club des jeunes de Morla\u00e0s, place de la Hourquie.<\/p>\n\n\n\n<p>Le club propose aussi des cours de guitare, d&rsquo;instruments \u00e0 vent, de piano. Des cours collectifs de formation musicale et une pratique d&rsquo;ensemble compl\u00e8tent l&rsquo;apprentissage de l&rsquo;instrument. <\/p>\n\n\n\n<p><\/p>\n\n\n\n<p><strong>Contact :<\/strong> En p\u00e9riode scolaire des b\u00e9n\u00e9voles de l\u2019association, sont pr\u00e9sents le mercredi de 14h00 \u00e0 16h00. Vous pouvez aussi joindre l&rsquo;\u00e9cole par  par courriel : <a href=\"mailto:clubdesjeunes.morlaas@orange.fr\">clubdesjeunes.morlaas@orange.<\/a><\/p>\n\n\n\n<p><a href=\"https:\/\/www.clubdesjeunesmorlaas.fr\/ecole-de-musique\">site internet<\/a><\/p>\n\n\n\n<h2 class=\"wp-block-heading\">Soumoulou<\/h2>\n\n\n\n<p>Les cours de batterie se d\u00e9roulent le mardi \u00e0 partir de 16h30. La salle de musique se situe derri\u00e8re la biblioth\u00e8que.<\/p>\n\n\n\n<p>L&rsquo;\u00e9cole propose aussi des cours de piano, guitare, violon, clarinette, chant et un \u00e9veil musical aux plus petits.<\/p>\n\n\n\n<p><\/p>\n\n\n\n<p><strong>Pr\u00e9sidente :&nbsp;Annie Schneider <\/strong><\/p>\n\n\n\n<p>Espoey<\/p>\n\n\n\n<p>Les cours de batterie se d\u00e9roulent mercredi soir de 19h00 \u00e0 20h00. La salle de musique se situe dans l&rsquo;enceinte de l&rsquo;\u00e9cole publique. L&rsquo;\u00e9cole propose aussi des cours de piano, guitare et chant.<\/p>\n\n\n\n<p>Pr\u00e9sident : Guillaume Vion.<\/p>\n","protected":false},"excerpt":{"rendered":"<p>Tarbes, Pau. Je donne uniquement des cours particuliers en votre domicile ou chez moi. Pour de plus amples informations, r\u00e9f\u00e9rez-vous \u00e0 cette page . Lembeye Les cours de batterie ont lieu dans une salle situ\u00e9e au-dessus de la mairie, 37 place du Marcadieu, le mercredi matin et le vendredi en &hellip;<\/p>\n","protected":false},"author":3,"featured_media":2267,"parent":0,"menu_order":0,"comment_status":"closed","ping_status":"closed","template":"","meta":{"jetpack_post_was_ever_published":false,"footnotes":""},"class_list":["post-2301","page","type-page","status-publish","has-post-thumbnail","hentry"],"yoast_head":"<!-- This site is optimized with the Yoast SEO plugin v27.5 - https:\/\/yoast.com\/product\/yoast-seo-wordpress\/ -->\n<title>Rentr\u00e9e 2023-2024. Cours de batterie Tarbes, Lembeye, Morlaas, Soumoulou, Espoey. - Drummer.fr<\/title>\n<meta name=\"description\" content=\"Rentr\u00e9e 2023-2024. Cours de batterie Tarbes, Lembeye, Morlaas, Soumoulou, Espoey. Retrouvez ici le informations n\u00e9cessaires pour prendre des cours de batterie\" \/>\n<meta name=\"robots\" content=\"index, follow, max-snippet:-1, max-image-preview:large, max-video-preview:-1\" \/>\n<link rel=\"canonical\" href=\"http:\/\/drummer.fr\/drummer\/rentree-2019-2020-cours-de-batterie-tarbes-lembeye-morlaas-soumoulou\/\" \/>\n<meta property=\"og:locale\" content=\"fr_FR\" \/>\n<meta property=\"og:type\" content=\"article\" \/>\n<meta property=\"og:title\" content=\"Rentr\u00e9e 2023-2024. Cours de batterie Tarbes, Lembeye, Morlaas, Soumoulou, Espoey. - Drummer.fr\" \/>\n<meta property=\"og:description\" content=\"Rentr\u00e9e 2023-2024. Cours de batterie Tarbes, Lembeye, Morlaas, Soumoulou, Espoey. Retrouvez ici le informations n\u00e9cessaires pour prendre des cours de batterie\" \/>\n<meta property=\"og:url\" content=\"http:\/\/drummer.fr\/drummer\/rentree-2019-2020-cours-de-batterie-tarbes-lembeye-morlaas-soumoulou\/\" \/>\n<meta property=\"og:site_name\" content=\"Drummer.fr\" \/>\n<meta property=\"article:modified_time\" content=\"2023-12-30T22:16:03+00:00\" \/>\n<meta property=\"og:image\" content=\"https:\/\/i0.wp.com\/drummer.fr\/drummer\/wp-content\/uploads\/2019\/06\/aquadrums.jpg?fit=400%2C400\" \/>\n\t<meta property=\"og:image:width\" content=\"400\" \/>\n\t<meta property=\"og:image:height\" content=\"400\" \/>\n\t<meta property=\"og:image:type\" content=\"image\/jpeg\" \/>\n<meta name=\"twitter:label1\" content=\"Dur\u00e9e de lecture estim\u00e9e\" \/>\n\t<meta name=\"twitter:data1\" content=\"2 minutes\" \/>\n<script type=\"application\/ld+json\" class=\"yoast-schema-graph\">{\"@context\":\"https:\\\/\\\/schema.org\",\"@graph\":[{\"@type\":\"WebPage\",\"@id\":\"http:\\\/\\\/drummer.fr\\\/drummer\\\/rentree-2019-2020-cours-de-batterie-tarbes-lembeye-morlaas-soumoulou\\\/\",\"url\":\"http:\\\/\\\/drummer.fr\\\/drummer\\\/rentree-2019-2020-cours-de-batterie-tarbes-lembeye-morlaas-soumoulou\\\/\",\"name\":\"Rentr\u00e9e 2023-2024. Cours de batterie Tarbes, Lembeye, Morlaas, Soumoulou, Espoey. - Drummer.fr\",\"isPartOf\":{\"@id\":\"http:\\\/\\\/drummer.fr\\\/drummer\\\/#website\"},\"primaryImageOfPage\":{\"@id\":\"http:\\\/\\\/drummer.fr\\\/drummer\\\/rentree-2019-2020-cours-de-batterie-tarbes-lembeye-morlaas-soumoulou\\\/#primaryimage\"},\"image\":{\"@id\":\"http:\\\/\\\/drummer.fr\\\/drummer\\\/rentree-2019-2020-cours-de-batterie-tarbes-lembeye-morlaas-soumoulou\\\/#primaryimage\"},\"thumbnailUrl\":\"https:\\\/\\\/i0.wp.com\\\/drummer.fr\\\/drummer\\\/wp-content\\\/uploads\\\/2019\\\/06\\\/aquadrums.jpg?fit=400%2C400\",\"datePublished\":\"2019-07-19T03:04:16+00:00\",\"dateModified\":\"2023-12-30T22:16:03+00:00\",\"description\":\"Rentr\u00e9e 2023-2024. Cours de batterie Tarbes, Lembeye, Morlaas, Soumoulou, Espoey. Retrouvez ici le informations n\u00e9cessaires pour prendre des cours de batterie\",\"breadcrumb\":{\"@id\":\"http:\\\/\\\/drummer.fr\\\/drummer\\\/rentree-2019-2020-cours-de-batterie-tarbes-lembeye-morlaas-soumoulou\\\/#breadcrumb\"},\"inLanguage\":\"fr-FR\",\"potentialAction\":[{\"@type\":\"ReadAction\",\"target\":[\"http:\\\/\\\/drummer.fr\\\/drummer\\\/rentree-2019-2020-cours-de-batterie-tarbes-lembeye-morlaas-soumoulou\\\/\"]}]},{\"@type\":\"ImageObject\",\"inLanguage\":\"fr-FR\",\"@id\":\"http:\\\/\\\/drummer.fr\\\/drummer\\\/rentree-2019-2020-cours-de-batterie-tarbes-lembeye-morlaas-soumoulou\\\/#primaryimage\",\"url\":\"https:\\\/\\\/i0.wp.com\\\/drummer.fr\\\/drummer\\\/wp-content\\\/uploads\\\/2019\\\/06\\\/aquadrums.jpg?fit=400%2C400\",\"contentUrl\":\"https:\\\/\\\/i0.wp.com\\\/drummer.fr\\\/drummer\\\/wp-content\\\/uploads\\\/2019\\\/06\\\/aquadrums.jpg?fit=400%2C400\",\"width\":400,\"height\":400,\"caption\":\"cours de batterie\"},{\"@type\":\"BreadcrumbList\",\"@id\":\"http:\\\/\\\/drummer.fr\\\/drummer\\\/rentree-2019-2020-cours-de-batterie-tarbes-lembeye-morlaas-soumoulou\\\/#breadcrumb\",\"itemListElement\":[{\"@type\":\"ListItem\",\"position\":1,\"name\":\"Accueil\",\"item\":\"http:\\\/\\\/drummer.fr\\\/drummer\\\/\"},{\"@type\":\"ListItem\",\"position\":2,\"name\":\"Rentr\u00e9e 2023-2024. Cours de batterie Tarbes, Lembeye, Morlaas, Soumoulou, Espoey.\"}]},{\"@type\":\"WebSite\",\"@id\":\"http:\\\/\\\/drummer.fr\\\/drummer\\\/#website\",\"url\":\"http:\\\/\\\/drummer.fr\\\/drummer\\\/\",\"name\":\"Drummer.fr\",\"description\":\"Apprendre la batterie\",\"publisher\":{\"@id\":\"http:\\\/\\\/drummer.fr\\\/drummer\\\/#\\\/schema\\\/person\\\/19e3c7023e779e8a7630ace032b9556d\"},\"potentialAction\":[{\"@type\":\"SearchAction\",\"target\":{\"@type\":\"EntryPoint\",\"urlTemplate\":\"http:\\\/\\\/drummer.fr\\\/drummer\\\/?s={search_term_string}\"},\"query-input\":{\"@type\":\"PropertyValueSpecification\",\"valueRequired\":true,\"valueName\":\"search_term_string\"}}],\"inLanguage\":\"fr-FR\"},{\"@type\":[\"Person\",\"Organization\"],\"@id\":\"http:\\\/\\\/drummer.fr\\\/drummer\\\/#\\\/schema\\\/person\\\/19e3c7023e779e8a7630ace032b9556d\",\"name\":\"Francois Lescoutte\",\"image\":{\"@type\":\"ImageObject\",\"inLanguage\":\"fr-FR\",\"@id\":\"https:\\\/\\\/i0.wp.com\\\/drummer.fr\\\/drummer\\\/wp-content\\\/uploads\\\/2019\\\/12\\\/Sans-titre-2.jpg?fit=512%2C512\",\"url\":\"https:\\\/\\\/i0.wp.com\\\/drummer.fr\\\/drummer\\\/wp-content\\\/uploads\\\/2019\\\/12\\\/Sans-titre-2.jpg?fit=512%2C512\",\"contentUrl\":\"https:\\\/\\\/i0.wp.com\\\/drummer.fr\\\/drummer\\\/wp-content\\\/uploads\\\/2019\\\/12\\\/Sans-titre-2.jpg?fit=512%2C512\",\"width\":512,\"height\":512,\"caption\":\"Francois Lescoutte\"},\"logo\":{\"@id\":\"https:\\\/\\\/i0.wp.com\\\/drummer.fr\\\/drummer\\\/wp-content\\\/uploads\\\/2019\\\/12\\\/Sans-titre-2.jpg?fit=512%2C512\"},\"description\":\"Batterie (instrument)\",\"sameAs\":[\"http:\\\/\\\/www.drummer.fr\"]}]}<\/script>\n<!-- \/ Yoast SEO plugin. -->","yoast_head_json":{"title":"Rentr\u00e9e 2023-2024. Cours de batterie Tarbes, Lembeye, Morlaas, Soumoulou, Espoey. - Drummer.fr","description":"Rentr\u00e9e 2023-2024. Cours de batterie Tarbes, Lembeye, Morlaas, Soumoulou, Espoey. Retrouvez ici le informations n\u00e9cessaires pour prendre des cours de batterie","robots":{"index":"index","follow":"follow","max-snippet":"max-snippet:-1","max-image-preview":"max-image-preview:large","max-video-preview":"max-video-preview:-1"},"canonical":"http:\/\/drummer.fr\/drummer\/rentree-2019-2020-cours-de-batterie-tarbes-lembeye-morlaas-soumoulou\/","og_locale":"fr_FR","og_type":"article","og_title":"Rentr\u00e9e 2023-2024. Cours de batterie Tarbes, Lembeye, Morlaas, Soumoulou, Espoey. - Drummer.fr","og_description":"Rentr\u00e9e 2023-2024. Cours de batterie Tarbes, Lembeye, Morlaas, Soumoulou, Espoey. Retrouvez ici le informations n\u00e9cessaires pour prendre des cours de batterie","og_url":"http:\/\/drummer.fr\/drummer\/rentree-2019-2020-cours-de-batterie-tarbes-lembeye-morlaas-soumoulou\/","og_site_name":"Drummer.fr","article_modified_time":"2023-12-30T22:16:03+00:00","og_image":[{"width":400,"height":400,"url":"https:\/\/i0.wp.com\/drummer.fr\/drummer\/wp-content\/uploads\/2019\/06\/aquadrums.jpg?fit=400%2C400","type":"image\/jpeg"}],"twitter_misc":{"Dur\u00e9e de lecture estim\u00e9e":"2 minutes"},"schema":{"@context":"https:\/\/schema.org","@graph":[{"@type":"WebPage","@id":"http:\/\/drummer.fr\/drummer\/rentree-2019-2020-cours-de-batterie-tarbes-lembeye-morlaas-soumoulou\/","url":"http:\/\/drummer.fr\/drummer\/rentree-2019-2020-cours-de-batterie-tarbes-lembeye-morlaas-soumoulou\/","name":"Rentr\u00e9e 2023-2024. Cours de batterie Tarbes, Lembeye, Morlaas, Soumoulou, Espoey. - Drummer.fr","isPartOf":{"@id":"http:\/\/drummer.fr\/drummer\/#website"},"primaryImageOfPage":{"@id":"http:\/\/drummer.fr\/drummer\/rentree-2019-2020-cours-de-batterie-tarbes-lembeye-morlaas-soumoulou\/#primaryimage"},"image":{"@id":"http:\/\/drummer.fr\/drummer\/rentree-2019-2020-cours-de-batterie-tarbes-lembeye-morlaas-soumoulou\/#primaryimage"},"thumbnailUrl":"https:\/\/i0.wp.com\/drummer.fr\/drummer\/wp-content\/uploads\/2019\/06\/aquadrums.jpg?fit=400%2C400","datePublished":"2019-07-19T03:04:16+00:00","dateModified":"2023-12-30T22:16:03+00:00","description":"Rentr\u00e9e 2023-2024. Cours de batterie Tarbes, Lembeye, Morlaas, Soumoulou, Espoey. Retrouvez ici le informations n\u00e9cessaires pour prendre des cours de batterie","breadcrumb":{"@id":"http:\/\/drummer.fr\/drummer\/rentree-2019-2020-cours-de-batterie-tarbes-lembeye-morlaas-soumoulou\/#breadcrumb"},"inLanguage":"fr-FR","potentialAction":[{"@type":"ReadAction","target":["http:\/\/drummer.fr\/drummer\/rentree-2019-2020-cours-de-batterie-tarbes-lembeye-morlaas-soumoulou\/"]}]},{"@type":"ImageObject","inLanguage":"fr-FR","@id":"http:\/\/drummer.fr\/drummer\/rentree-2019-2020-cours-de-batterie-tarbes-lembeye-morlaas-soumoulou\/#primaryimage","url":"https:\/\/i0.wp.com\/drummer.fr\/drummer\/wp-content\/uploads\/2019\/06\/aquadrums.jpg?fit=400%2C400","contentUrl":"https:\/\/i0.wp.com\/drummer.fr\/drummer\/wp-content\/uploads\/2019\/06\/aquadrums.jpg?fit=400%2C400","width":400,"height":400,"caption":"cours de batterie"},{"@type":"BreadcrumbList","@id":"http:\/\/drummer.fr\/drummer\/rentree-2019-2020-cours-de-batterie-tarbes-lembeye-morlaas-soumoulou\/#breadcrumb","itemListElement":[{"@type":"ListItem","position":1,"name":"Accueil","item":"http:\/\/drummer.fr\/drummer\/"},{"@type":"ListItem","position":2,"name":"Rentr\u00e9e 2023-2024. Cours de batterie Tarbes, Lembeye, Morlaas, Soumoulou, Espoey."}]},{"@type":"WebSite","@id":"http:\/\/drummer.fr\/drummer\/#website","url":"http:\/\/drummer.fr\/drummer\/","name":"Drummer.fr","description":"Apprendre la batterie","publisher":{"@id":"http:\/\/drummer.fr\/drummer\/#\/schema\/person\/19e3c7023e779e8a7630ace032b9556d"},"potentialAction":[{"@type":"SearchAction","target":{"@type":"EntryPoint","urlTemplate":"http:\/\/drummer.fr\/drummer\/?s={search_term_string}"},"query-input":{"@type":"PropertyValueSpecification","valueRequired":true,"valueName":"search_term_string"}}],"inLanguage":"fr-FR"},{"@type":["Person","Organization"],"@id":"http:\/\/drummer.fr\/drummer\/#\/schema\/person\/19e3c7023e779e8a7630ace032b9556d","name":"Francois Lescoutte","image":{"@type":"ImageObject","inLanguage":"fr-FR","@id":"https:\/\/i0.wp.com\/drummer.fr\/drummer\/wp-content\/uploads\/2019\/12\/Sans-titre-2.jpg?fit=512%2C512","url":"https:\/\/i0.wp.com\/drummer.fr\/drummer\/wp-content\/uploads\/2019\/12\/Sans-titre-2.jpg?fit=512%2C512","contentUrl":"https:\/\/i0.wp.com\/drummer.fr\/drummer\/wp-content\/uploads\/2019\/12\/Sans-titre-2.jpg?fit=512%2C512","width":512,"height":512,"caption":"Francois Lescoutte"},"logo":{"@id":"https:\/\/i0.wp.com\/drummer.fr\/drummer\/wp-content\/uploads\/2019\/12\/Sans-titre-2.jpg?fit=512%2C512"},"description":"Batterie (instrument)","sameAs":["http:\/\/www.drummer.fr"]}]}},"jetpack_shortlink":"https:\/\/wp.me\/P2yiNW-B7","jetpack_sharing_enabled":true,"jetpack_likes_enabled":false,"jetpack-related-posts":[{"id":106,"url":"http:\/\/drummer.fr\/drummer\/pourquoi-choisir-drummer-batterie\/","url_meta":{"origin":2301,"position":0},"title":"Pourquoi choisir Drummer.fr pour apprendre la batterie ?","author":"Francois Lescoutte","date":"17 juin 2012","format":false,"excerpt":"Drummer s'adresse plus particuli\u00e8rement aux batteurs d\u00e9butants et \u00e0 ceux qui souhaitent travailler un point technique en particulier. Le cours de batterie en ligne vous permet d'\u00e9tudier \u00e0 votre rythme avec le conseil d'un expert si vous le souhaitez. \u00a0 Ce site ne comprend pas les partitions compl\u00e8tes des morceaux\u2026","rel":"","context":"Article similaire","block_context":{"text":"Article similaire","link":""},"img":{"alt_text":"drummer, cours de batterie en ligne","src":"https:\/\/i0.wp.com\/drummer.fr\/drummer\/wp-content\/uploads\/2012\/06\/logo_beta_12.png?resize=350%2C200","width":350,"height":200},"classes":[]},{"id":1788,"url":"http:\/\/drummer.fr\/drummer\/conditions-generales-de-vente-cgv\/","url_meta":{"origin":2301,"position":1},"title":"Conditions G\u00e9n\u00e9rales de Vente &#8211; CGV","author":"Francois Lescoutte","date":"4 mai 2015","format":false,"excerpt":"Conditions g\u00e9n\u00e9rales de vente Le recours \u00e0 la prestation de cours de batterie par Fran\u00e7ois Lescoutte (sous la marque de drummer.fr) auto-entrepreneur, 3 rue Gleize Bielhe, 65460 Bours - Courriel : contact@drummer.fr - Siret :498 443 639 00022 - entra\u00eene sans r\u00e9serve l'application des clauses suivantes : Chapitre 1 :\u2026","rel":"","context":"Article similaire","block_context":{"text":"Article similaire","link":""},"img":{"alt_text":"","src":"","width":0,"height":0},"classes":[]},{"id":2125,"url":"http:\/\/drummer.fr\/drummer\/politique-de-confidentialite\/","url_meta":{"origin":2301,"position":2},"title":"Politique de confidentialit\u00e9","author":"Francois Lescoutte","date":"24 mai 2018","format":false,"excerpt":"Qui sommes-nous\u00a0? L\u2019adresse de notre site Web est\u00a0: http:\/\/drummer.fr\/drummer. Utilisation des donn\u00e9es personnelles collect\u00e9es Commentaires Quand vous laissez un commentaire sur notre site web, les donn\u00e9es inscrites dans le formulaire de commentaire, mais aussi votre adresse IP et l\u2019agent utilisateur de votre navigateur sont collect\u00e9s pour nous aider \u00e0 la\u2026","rel":"","context":"Article similaire","block_context":{"text":"Article similaire","link":""},"img":{"alt_text":"","src":"","width":0,"height":0},"classes":[]},{"id":144,"url":"http:\/\/drummer.fr\/drummer\/temps-mesure-tempo-drummer\/","url_meta":{"origin":2301,"position":3},"title":"temps, mesure et tempo : notions \u00e9l\u00e9mentaires","author":"Francois Lescoutte","date":"25 juin 2012","format":false,"excerpt":"Le temps Unit\u00e9 de mesure de la dur\u00e9e musicale, il a une dur\u00e9e qui varie d'un morceau musical \u00e0 l'autre.\u00a0 C'est le tempo (voir la d\u00e9finition ci-dessous) qui va en fixer la dur\u00e9e exacte. Le temps peux \u00eatre combin\u00e9 en structure sup\u00e9rieure, la mesure et peut \u00eatre divis\u00e9 en plusieurs\u2026","rel":"","context":"Article similaire","block_context":{"text":"Article similaire","link":""},"img":{"alt_text":"La noire = 1 temps","src":"https:\/\/i0.wp.com\/drummer.fr\/drummer\/wp-content\/uploads\/2012\/06\/noire1.jpg?resize=350%2C200","width":350,"height":200},"classes":[]},{"id":2286,"url":"http:\/\/drummer.fr\/drummer\/politique-de-cookie\/","url_meta":{"origin":2301,"position":4},"title":"Politique de cookie","author":"Francois Lescoutte","date":"29 juin 2019","format":false,"excerpt":"Ce site utilise des cookies - de petits fichiers texte qui sont plac\u00e9s sur votre machine pour aider le site \u00e0 fournir une meilleure exp\u00e9rience utilisateur. En g\u00e9n\u00e9ral, les cookies sont utilis\u00e9s pour conserver les pr\u00e9f\u00e9rences de l'utilisateur, stocker des informations pour des choses comme les paniers d'achat et fournir\u2026","rel":"","context":"Article similaire","block_context":{"text":"Article similaire","link":""},"img":{"alt_text":"","src":"","width":0,"height":0},"classes":[]},{"id":2399,"url":"http:\/\/drummer.fr\/drummer\/cours\/","url_meta":{"origin":2301,"position":5},"title":"Cours","author":"Francois Lescoutte","date":"20 mars 2020","format":false,"excerpt":"","rel":"","context":"Article similaire","block_context":{"text":"Article similaire","link":""},"img":{"alt_text":"","src":"","width":0,"height":0},"classes":[]}],"_links":{"self":[{"href":"http:\/\/drummer.fr\/drummer\/wp-json\/wp\/v2\/pages\/2301","targetHints":{"allow":["GET"]}}],"collection":[{"href":"http:\/\/drummer.fr\/drummer\/wp-json\/wp\/v2\/pages"}],"about":[{"href":"http:\/\/drummer.fr\/drummer\/wp-json\/wp\/v2\/types\/page"}],"author":[{"embeddable":true,"href":"http:\/\/drummer.fr\/drummer\/wp-json\/wp\/v2\/users\/3"}],"replies":[{"embeddable":true,"href":"http:\/\/drummer.fr\/drummer\/wp-json\/wp\/v2\/comments?post=2301"}],"version-history":[{"count":15,"href":"http:\/\/drummer.fr\/drummer\/wp-json\/wp\/v2\/pages\/2301\/revisions"}],"predecessor-version":[{"id":3133,"href":"http:\/\/drummer.fr\/drummer\/wp-json\/wp\/v2\/pages\/2301\/revisions\/3133"}],"wp:featuredmedia":[{"embeddable":true,"href":"http:\/\/drummer.fr\/drummer\/wp-json\/wp\/v2\/media\/2267"}],"wp:attachment":[{"href":"http:\/\/drummer.fr\/drummer\/wp-json\/wp\/v2\/media?parent=2301"}],"curies":[{"name":"wp","href":"https:\/\/api.w.org\/{rel}","templated":true}]}}